{"id":325,"date":"2016-11-03T19:16:57","date_gmt":"2016-11-03T19:16:57","guid":{"rendered":"http:\/\/www.sandomo.cl\/terapia\/?page_id=325"},"modified":"2016-11-03T19:16:57","modified_gmt":"2016-11-03T19:16:57","slug":"drenaje-linfatico-y-drenaje-linfatico-para-embarazadas","status":"publish","type":"page","link":"http:\/\/www.sandomo.cl\/terapia\/terapias\/drenaje-linfatico-y-drenaje-linfatico-para-embarazadas\/","title":{"rendered":"Drenaje Linf\u00e1tico y Drenaje Linf\u00e1tico para embarazadas"},"content":{"rendered":"<p><figure id=\"attachment_255\" aria-describedby=\"caption-attachment-255\" style=\"width: 150px\" class=\"wp-caption alignright\"><img loading=\"lazy\" decoding=\"async\" src=\"http:\/\/www.sandomo.cl\/terapia\/wp-content\/uploads\/2016\/08\/drenaje-linfatico-web.jpg\" alt=\"Drenaje Linf\u00e1tico y Drenaje Linf\u00e1tico para embarazadas\" width=\"150\" height=\"150\" class=\"size-full wp-image-255\" \/><figcaption id=\"caption-attachment-255\" class=\"wp-caption-text\">Drenaje Linf\u00e1tico y Drenaje Linf\u00e1tico para embarazadas<\/figcaption><\/figure><strong>Terapeuta:<\/strong><br \/>\nAna Mar\u00eda Luengo<\/p>\n<blockquote><p>Masaje que estimula la circulaci\u00f3n linf\u00e1tica encargada de eliminar los desechos y toxinas del organismo, disminuyendo la hinchaz\u00f3n, dolor, pesadez, cansancio, calambres, hormigueos, retenci\u00f3n de l\u00edquido, celulitis y otros s\u00edntomas producidos por enfermedades circulatorias.<\/p>\n<p>Las toxinas que acumulan las c\u00e9lulas y tejidos del cuerpo tienen diferentes or\u00edgenes, algunas provienen de materiales que el propio cuerpo produce y no elimina, tales como la adrenalina y noradrenalina que subsisten principalmente de las reacciones de inquietud, miedo y\/o de prolongado estado de tensi\u00f3n. Tambi\u00e9n est\u00e1n las substancias qu\u00edmicas que se acumulan en el cuerpo a partir del medio ambiente, de los conservantes a\u00f1adidos a los alimentos, de los f\u00e1rmacos, del tabaco y otros.<\/p><\/blockquote>\n<h3>Drenaje Linf\u00e1tico para embarazadas<\/h3>\n<p>Durante el embarazo los cambios hormonales y el aumento de peso provocan diferentes problemas en las mujeres como retenci\u00f3n de l\u00edquido, pesadez en piernas, tobillos y aumento de celulitis.<\/p>\n<p>El drenaje linf\u00e1tico para embarazadas permite aliviar estos s\u00edntomas y desintoxicar el organismo. Tambi\u00e9n se realiza un masaje podal para aliviar la pesadez provocada por el aumento de peso.<\/p>\n","protected":false},"excerpt":{"rendered":"<p>Terapeuta: Ana Mar\u00eda Luengo Masaje que estimula la circulaci\u00f3n linf\u00e1tica encargada de eliminar los desechos y toxinas del organismo, disminuyendo la hinchaz\u00f3n, dolor, pesadez, cansancio, calambres, hormigueos, retenci\u00f3n de l\u00edquido, celulitis y otros s\u00edntomas producidos por enfermedades circulatorias. Las toxinas que acumulan las c\u00e9lulas y tejidos del cuerpo tienen diferentes or\u00edgenes, algunas provienen de materiales [&hellip;]<\/p>\n","protected":false},"author":3,"featured_media":0,"parent":35,"menu_order":0,"comment_status":"closed","ping_status":"closed","template":"","meta":{"footnotes":""},"class_list":["post-325","page","type-page","status-publish","hentry"],"_links":{"self":[{"href":"http:\/\/www.sandomo.cl\/terapia\/wp-json\/wp\/v2\/pages\/325","targetHints":{"allow":["GET"]}}],"collection":[{"href":"http:\/\/www.sandomo.cl\/terapia\/wp-json\/wp\/v2\/pages"}],"about":[{"href":"http:\/\/www.sandomo.cl\/terapia\/wp-json\/wp\/v2\/types\/page"}],"author":[{"embeddable":true,"href":"http:\/\/www.sandomo.cl\/terapia\/wp-json\/wp\/v2\/users\/3"}],"replies":[{"embeddable":true,"href":"http:\/\/www.sandomo.cl\/terapia\/wp-json\/wp\/v2\/comments?post=325"}],"version-history":[{"count":0,"href":"http:\/\/www.sandomo.cl\/terapia\/wp-json\/wp\/v2\/pages\/325\/revisions"}],"up":[{"embeddable":true,"href":"http:\/\/www.sandomo.cl\/terapia\/wp-json\/wp\/v2\/pages\/35"}],"wp:attachment":[{"href":"http:\/\/www.sandomo.cl\/terapia\/wp-json\/wp\/v2\/media?parent=325"}],"curies":[{"name":"wp","href":"https:\/\/api.w.org\/{rel}","templated":true}]}}